1*i**2 - 59*i + 483. Let l be m(10). What is c(l)?
45
Let v(p) = p**2 - 8*p + 6. Suppose -26 = -9*q - 8. Suppose k - 30 = -q*k. Give v(k).
26
Let b(h) = -29 - 8*h**2 - 5*h + 10*h + 32. Let k be b(-1). Let n(q) = -q**3 - 10*q**2 - q - 11. Calculate n(k).
-1
Suppose 3*w - 5*v = -4*v + 14, -16 = -2*w + 4*v. Let h(b) = 5*b**3 - 10*b + 42 - w*b**3 + 10*b**2 - 2*b**3 - 31. What is h(9)?
2
Let s(q) = 42*q**3 + q**2 - 3*q + 2. Suppose 38*k + 50 = 88. What is s(k)?
42
Let q = 271 + -271. Let w(x) = -7*x**2 + 69 - 64 + q*x**2 + x**3 + 4*x. Determine w(6).
-7
Let s(b) be the second derivative of -5*b**4/24 - b**3/6 + 39*b**2 + 12*b + 1. Let x(l) be the first derivative of s(l). Calculate x(1).
-6
Let q(x) = -8*x**3 + 22*x**3 - 8*x**3 + x + 3 + 2*x + 3*x**2. Let t(m) = m - 7. Let o be t(5). Give q(o).
-39
Let l(q) = 5*q - 4. Let f(j) = -5*j + 2. Let k(o) = -2. Let t(p) = -f(p) + k(p). Let h(v) = -7*l(v) + 6*t(v). Determine h(3).
-11
Let m be 67/5 + 6/(-15). Let g(b) be the second derivative of b**3/6 - 11*b**2/2 - 60*b. Determine g(m).
2
Let j(q) = 62*q + 5080. Let v be j(-82). Let c(k) be the first derivative of -k**4/4 - 2*k**3 - 5*k**2/2 + 3. Give c(v).
-12
Let v(x) be the first derivative of -x**2/2 - x + 492. Let l(g) = -g + 2. Let j be l(2). Let c be (j - (2 - 0))/(-2). Determine v(c).
-2
Let n(g) = -3*g + 3. Let p be (-1)/1*8/((-16)/466). Let h = p + -237. Calculate n(h).
15
Let i(b) = b**2 + 6*b - 174. Let r be i(-17). Let l(f) = f**2 - 13*f + 14. What is l(r)?
14
Let v(i) be the first derivative of -i**3/3 + 11*i**2/2 - 9*i + 4. Suppose -343 = -21*l + 917. Suppose -4 = -d + 2*d, -4*b + 5*d = -l. What is v(b)?
1
Let c(d) = -2*d**2 + 8*d + 25. Let l be c(6). Let j be -2 + l + 3/4*4. Let s(p) = 21*p**j - 3*p - 3 - 2*p + 0 - 20*p**2. Calculate s(4).
-7
Let x(v) = -2 - 37*v**2 + 5*v + 1 - 4*v. Suppose -19*i - 784 = -803. Determine x(i).
-37
Suppose -4*c - 26 = 6. Let h be 2/16 - 23/c. Let g(p) = -2*p - p - p**h + 2*p - 3. Give g(0).
-3
Let l(q) = -2 + 3*q**2 - 2*q**2 + 5*q**2 - 7*q**2. Let n(s) = 2*s**2 - 11*s + 18. Let z(o) = -3*l(o) - n(o). Determine z(-12).
0
Let a(q) = -11*q + 13. Let n be a(1). Let w(k) = 20*k - n - 23*k - 2*k. Calculate w(2).
-12
Let q(c) = 9*c**2 + 2*c + 2. Let u = 503 - 488. Suppose 4 = l - d, l + 2*d = -4*l - u. What is q(l)?
9
Let w = -8 - -10. Let m be -6 + w/4*-2. Let u(j) = 6*j + 10. Let p(v) = 2*v + 3. Let g(z) = 14*p(z) - 5*u(z). Give g(m).
6
Let r(f) be the third derivative of -f**4/8 - f**2. Suppose -14*q = 5601 - 1429. Let n = q + 301. Give r(n).
-9
Let h(u) = -2*u**3 - 3*u**2 + 2. Let y(s) = -5*s**3 - 5*s**2 - s + 4. Let o(f) = -7*h(f) + 3*y(f). Let j be 22/(-4) - (-6531)/622. Determine o(j).
8
Suppose 68*m = -2*g + 71*m + 7, 5*m = 4*g - 11. Let r(k) be the first derivative of 1 - k**3 - 2*k**3 + k + 2. What is r(g)?
-8
Let y(n) = 6*n - 13*n - n**2 + 2 + n. Let b(m) = -3*m**2 - 9*m + 71. Let w(x) = -x**2 - 3*x + 24. Let a(u) = 3*b(u) - 8*w(u). Let o be a(4). Determine y(o).
-5
Let j(y) be the first derivative of y**5/60 - y**4/12 - 5*y**3/3 - 3*y**2/2 + 33*y - 176. Let c(x) be the second derivative of j(x). Give c(5).
5
Let j(o) = -o**3 - o**2 - 2*o + 19. Let g(l) = -l**2 - l - 1. Let m(n) = 2*g(n) - j(n). Suppose -6*u + 9*u + 2*v = 2, -u + 5*v = 5. What is m(u)?
-21
Let w(d) be the third derivative of d**6/10 - d**5/60 + d**4/24 + 1523*d**2. Suppose -5 = -m - 2. Let i be (-2 + m)/(0 - -1). What is w(i)?
12
Let b(m) = 5*m - 4. Let u(w) be the first derivative of -11*w**2/2 + 8*w + 43. Suppose -3*h + 22 = 49. Let o(y) = h*b(y) - 4*u(y). Determine o(6).
-2
Let p be 4/(-42) - -1374*(-2)/252. Let o(q) = q**2 + 9*q - 19. Calculate o(p).
3
Let h(p) = p**3 + p**2 + 4. Let d be h(0). Let b(w) = d*w - 251 + 251. Let a(f) = 3*f. Let y(u) = 6*a(u) - 5*b(u). Calculate y(1).
-2
Suppose -g - 2 = -2*w + 3, -4*w + 3*g + 11 = 0. Let u(j) be the first derivative of j**4/4 - 2*j**3/3 - j + 15666. Give u(w).
-1
Let u(c) = -c + 1. Let x be u(-3). Suppose 2*w - 17 = 3*w + x*i, -3*w - 7 = i. Let f(r) be the first derivative of r**4/4 + r**3/3 - r - 95. Give f(w).
-1
Let d = -565 + 568. Let z(l) = 21*l + 9. Calculate z(d).
72
Let b(j) = j - 1. Let p be b(9). Let s(n) = 18*n**3 - 17*n**3 - 9*n**2 + 30*n + 28*n + 9 - 51*n. Give s(p).
1
Let i(b) = -4*b - 1. Suppose 5*q + 3*m = -9, 0 = 2*q + 60*m - 57*m. Determine i(q).
11
Suppose -4*m = -3*n + 6, 0*n + 3*m + 13 = -2*n. Let p(b) = -7*b - 74*b - 7*b - 7*b + 94*b + b**2 - 2. Calculate p(n).
4
Let i(o) be the first derivative of -o**2/2 - 11. Let k(b) = b**2 + 2*b + 3. Let c(j) = -4*i(j) - k(j). Suppose 22 = 5*y - r, 0*y + r + 2 = y. Determine c(y).
-18
Let g(n) = -20*n - 63 + 34 + 21*n + 25 + 23. Determine g(22).
41
Let x(a) = -a**3 - 6*a**2 + 5*a + 31. Let p be 6/33 - ((-404)/(-44) + -3). What is x(p)?
1
Let q(y) = -3*y + 16. Let n be q(4). Let u(b) = -b - n*b**3 - 5*b**2 + 1490 - 1496 + 3*b**3. Let k(d) = d**2 - 9*d + 9. Let c be k(7). What is u(c)?
-1
Suppose 7*y - 2*s - 20 = 90, -s = -5*y + 76. Let g(i) = -i**3 + 14*i**2 + 4*i - 2. Calculate g(y).
54
Let q(w) = 221 - 98 + 22*w + 76 - 4*w - 9*w. What is q(-22)?
1
Let q(o) = o + 4. Let n be 7/(4*91/156). Give q(n).
7
Let p(c) = -3*c**2 + 11*c + 872. Let m be p(19). Let a(q) = q**3 + 3*q**2 - 6*q - 19. Determine a(m).
-3
Let b be (2 - 77)*(-5922)/235. Let v(k) = b + k - 2*k + 2*k - 1889. Suppose y + 24 = 5*o + 2*y, -o = 5*y - 24. Determine v(o).
5
Suppose 28*a - 36*a = 64. Let z(v) = -13*v - 97. Let r be z(a). Let h(x) = 8 + 10*x - x**2 - x - 2*x. Determine h(r).
8
Let r(w) be the second derivative of w**3/2 - w**2 + 606*w + 1. What is r(3)?
7
Let m(v) = -v**3 + 12*v**2 - v - 14. Suppose 14*d = 17*d - 36. What is m(d)?
-26
Let a(k) = 2*k**3 - 3*k**2 - 5*k + 3. Let c(i) = -2*i**2 - 6*i + 46. Let h be c(0). Let d = -43 + h. Calculate a(d).
15
Let b(h) = 6*h + 5. Let r(d) = 12*d + 9. Let s = -19 + 30. Let t = 685 + -691. Let q(v) = s*b(v) + t*r(v). Determine q(-1).
7
Let q(t) = -23*t + 854. Let n be q(37). Let k(y) = -y**3 - 2*y**2 - 3*y. Calculate k(n).
-54
Let q(h) = h + 6*h + 9 + 4*h**2 - 3*h**2. Suppose -8*l = 86 - 910. Suppose -20*x = l + 17. Calculate q(x).
3
Let t(h) = 14*h**3 - h**2 + h - 1. Suppose -21 = -u - 4*o, -6*u + u - 3*o = -20. Let x be ((-6)/(-2))/u*1. Suppose 0 = f + 3, -x = -j + 4*f + 10. Give t(j).
13
Let u(x) = -8*x**2 + 2. Let a(v) = -23*v**2 + 5. Suppose -k = -3*s, 5*k - 12 = -5*s + 8. Let m(r) = k*a(r) - 8*u(r). Give m(-1).
-6
Let p(y) = 2*y**2 + 3*y + 1. Let x(d) = -11*d**2 + 2*d + 84. Let a(b) = -6*p(b) - x(b). Calculate a(-8).
6
Let m(j) be the first derivative of -j**5/20 - 11*j**4/12 + j**3/3 + 17*j**2/2 - 217*j + 240. Let a(b) be the first derivative of m(b). Give a(-11).
-5
Suppose -3*z - 32 = -a, -5*z - 41 = -a + 1. Let g(m) = -4 + a - 4 + m. Let q(o) = -o - 9. Let c(f) = 3*g(f) + 2*q(f). Calculate c(-6).
3
Let a = -347 + 349. Let r(z) = z**a - 4 - 3071*z + 7 + 3062*z. Calculate r(9).
3
Let q(u) = 2*u**3 - 175 + 176 - u - 8*u**2 - u**2 - 13*u - 3*u**3. What is q(-7)?
1
Suppose 0 = 12*o - 6 + 30. Let f(b) = b + 5. Let n(p) = -2*p - 1. Let x(w) = o*n(w) - 2*f(w). What is x(-6)?
-20
Let l = 12 - 8. Let k be (l - 6) + (4 - 0). Let z be (k/(-7))/(7/(-147)). Let w(x) = -2*x + 7. What is w(z)?
-5
Let c(h) = h**2 - 4*h - 11. Let q be -1 - -9 - (-219)/1. Suppose -18 = -230*w + q*w. Determine c(w).
1
Let p(u) = 81*u + 198. Let l(s) = 43*s + 99. Let i(f) = -11*l(f) + 6*p(f). Let y be i(-8). Let c(w) = -8*w + 7. What is c(y)?
47
Suppose -58*g + 64*g + 2 = 2*b, g = 3*b + 5. Let a(y) = -53*y - 111. Give a(b).
-5
Let a(u) = -u**3 + 3*u**2 - 3*u + 5. Suppose -10*c + 4*r = -5*c - 35, -5*c + 40 = -5*r. What is a(c)?
-4
Suppose -2 + 2 = -v. Suppose 0 = -v*s + 6*s. Suppose s = c + 2*c + 4*h + 7, -5*c = h - 11. Let k(t) = -t**2 + 7*t. What is k(c)?
12
Let q(m) be the third derivative of -5/24*m**4 + 0*m + 1/60*m**5 + 0 + 61*m**2 + 5/6*m**3. Determine q(6).
11
Let s be (-50)/225 + 70/(-9). Let i(o) be the third derivative of o**5/60 + o**4/6 - 11*o**3/6 + 2*o**2. Determine i(s).
21
Let l(n) be the first derivative of -n**2/2 - 112. Let v(h) = h - 1. Let p(x) = -l(x) + 2*v(x). What is p(3)?
7
Let d(n) be the third derivative of 0*n - 1/6*n**3 - 1/8*n**4 + 7*n**2 - 1/60*n**5 + 0. Suppose 17*u = 16*u + 3. Determine d(u).
-19
Let v(m) 